{"id":99374,"date":"2018-01-22T13:08:56","date_gmt":"2018-01-22T11:08:56","guid":{"rendered":"http:\/\/friedel-ammann.com\/wp\/?page_id=99374"},"modified":"2018-02-26T09:48:22","modified_gmt":"2018-02-26T07:48:22","slug":"tete-a-tete-mit-friedel-ammann-ein-bildband-mit-hundert-geschichten","status":"publish","type":"page","link":"https:\/\/friedel-ammann.com\/wp\/?page_id=99374","title":{"rendered":"T\u00eate \u00e0 T\u00eate mit Friedel Ammann"},"content":{"rendered":"<h2>Ein Bildband mit 101 Geschichten rund um die Welt<\/h2>\n<p><img decoding=\"async\" loading=\"lazy\" class=\"alignnone size-large wp-image-99377\" src=\"https:\/\/friedel-ammann.com\/wp\/wp-content\/uploads\/2018\/01\/dsc_1516-copy-2-1024x683.jpg\" alt=\"\" width=\"960\" height=\"640\" srcset=\"https:\/\/friedel-ammann.com\/wp\/wp-content\/uploads\/2018\/01\/dsc_1516-copy-2-1024x683.jpg 1024w, https:\/\/friedel-ammann.com\/wp\/wp-content\/uploads\/2018\/01\/dsc_1516-copy-2-300x200.jpg 300w, https:\/\/friedel-ammann.com\/wp\/wp-content\/uploads\/2018\/01\/dsc_1516-copy-2-768x513.jpg 768w, https:\/\/friedel-ammann.com\/wp\/wp-content\/uploads\/2018\/01\/dsc_1516-copy-2-2048x1367.jpg 2048w, https:\/\/friedel-ammann.com\/wp\/wp-content\/uploads\/2018\/01\/dsc_1516-copy-2-400x267.jpg 400w, https:\/\/friedel-ammann.com\/wp\/wp-content\/uploads\/2018\/01\/dsc_1516-copy-2-840x561.jpg 840w, https:\/\/friedel-ammann.com\/wp\/wp-content\/uploads\/2018\/01\/dsc_1516-copy-2.jpg 7360w\" sizes=\"(max-width: 960px) 100vw, 960px\" \/><img decoding=\"async\" loading=\"lazy\" class=\"size-large wp-image-99384\" src=\"https:\/\/friedel-ammann.com\/wp\/wp-content\/uploads\/2018\/01\/tete-atete-in-meiner-zeit--1024x605.jpg\" alt=\"\" width=\"960\" height=\"567\" srcset=\"https:\/\/friedel-ammann.com\/wp\/wp-content\/uploads\/2018\/01\/tete-atete-in-meiner-zeit--1024x605.jpg 1024w, https:\/\/friedel-ammann.com\/wp\/wp-content\/uploads\/2018\/01\/tete-atete-in-meiner-zeit--300x177.jpg 300w, https:\/\/friedel-ammann.com\/wp\/wp-content\/uploads\/2018\/01\/tete-atete-in-meiner-zeit--768x454.jpg 768w, https:\/\/friedel-ammann.com\/wp\/wp-content\/uploads\/2018\/01\/tete-atete-in-meiner-zeit--400x237.jpg 400w, https:\/\/friedel-ammann.com\/wp\/wp-content\/uploads\/2018\/01\/tete-atete-in-meiner-zeit--840x497.jpg 840w, https:\/\/friedel-ammann.com\/wp\/wp-content\/uploads\/2018\/01\/tete-atete-in-meiner-zeit-.jpg 2038w\" sizes=\"(max-width: 960px) 100vw, 960px\" \/><\/p>\n<p>Format: 30 x 30 cm<br \/>\nSeitenanzahl: 279 Seiten<br \/>\nISBN: 978-3-033-06376-1<\/p>\n<p>Verkaufspreis: CHF 85.\u2013<br \/>\nVersandkosten: CHF 10.\u2013<\/p>\n<p>\u2192 <a href=\"mailto:friedel.ammann@gmail.com\">Buch bestellen<\/a><\/p>\n<p>&nbsp;<\/p>\n<div>\n<hr \/>\n<\/div>\n<h2><span class=\"_Tgc _s8w\"><b>Rezensionen<\/b><\/span><\/h2>\n<p>&nbsp;<\/p>\n<div><\/div>\n<p>Lieber Friedel<\/p>\n<p>Heute habe ich Deinen \u201eW\u00e4lzer\u201c erhalten und bereits vergn\u00fcglich darin gelesen. Fazit: chapeau! Eine grosse, anspruchsvolle Arbeit, welche Du in geb\u00fchrender Form ver\u00f6ffentlicht hast. Dass Deine Fotos allererste Klasse sind, wusste ich nat\u00fcrlich. Sehr interessant sind aber auch die Geschichten, Deine Edel- Visitenkarte hast Du jedenfalls f\u00fcr immer abgegeben!<\/p>\n<p>Markus Zimmermann &#8211;\u00a0Brissago<\/p>\n<p>&nbsp;<\/p>\n<hr \/>\n<p>&nbsp;<\/p>\n<p>Lieber Friedel Ammann<\/p>\n<p>Was f\u00fcr ein eindrucksvolles Buch! Herzliche Gr\u00fc\u00dfe aus Hamburg<\/p>\n<p>Torsten Feldstein &#8211;\u00a0DER\u00a0SPIEGEL<\/p>\n<p>&nbsp;<\/p>\n<hr \/>\n<p>&nbsp;<\/p>\n<p>Lieber Friedel<\/p>\n<p>Dein Buch, das Resultat bl\u00e4ttere ich gerade durch. Es ist ein Lebens-, ein Monumentalwerk geworden, ich bin beeindruckt: Von den Fotos sowieso &#8211; das weisst Du -, aber auch von den Texten: Sehr pers\u00f6nlich, immer dran am Menschen.<\/p>\n<p>Esther Maag<\/p>\n<p>&nbsp;<\/p>\n<hr \/>\n<p>&nbsp;<\/p>\n<p>Lieber Friedel<\/p>\n<p>Nun, kurz gesagt: Dein Buch ist der Hammer. Jeden Abend lese ich ein 3-4 Geschichten und sehe mich selbst wieder in ein paar Anekdoten. Deine Schreibweise ist einfach herrlich, erfrischend zu lesen.<\/p>\n<p>Markus St. Wenger &#8211; Architekt<\/p>\n<p>&nbsp;<\/p>\n<hr \/>\n<p>&nbsp;<\/p>\n<p>Lieber Friedel<\/p>\n<p>Dein Buch ist f\u00fcr mich ein Jahresadventskalender! Ich lerne jeden Tag einen Menschen in Bild und Worten kennen! Wunderbar. Und jedem nur zu empfehlen!<\/p>\n<p>Jens Stocker &#8211;\u00a0Inhaber\u00a0Bider &amp; Tanner AG \u00a0&#8211;\u00a0Ihr Kulturhaus in Basel<\/p>\n<p>&nbsp;<\/p>\n<hr \/>\n<p>&nbsp;<\/p>\n<p>Lieber Friedel Ammann<\/p>\n<p>Wir haben uns mit Interesse in Ihrem Buch &#8222;T\u00eate \u00e0 T\u00eate&#8220; vertieft. Ihre fotografischen K\u00fcnste kannten wir schon.\u00a0Neu f\u00fcr uns war, dass Sie auch mit Text virtuos umgehen k\u00f6nnen. Insgesamt ein gelungenes Gesamtwerk.\u00a0Spannend und aufschlusschreich, manchmal erheiternd, manchmal besinnlich, bisweilen politisch und mutig,\u00a0nicht selten einem auch betroffen stimmend, zuweilen den Fokus auf das \u00dcberraschend-Naheliegende oder das\u00a0Ferne-Faszinierende gelegt. \u00a0In allem sp\u00fcrt man Authentizit\u00e4t und Ihre Empathie, Ihre Begeisterung und Ihr Engagement.<\/p>\n<p>Bruno K\u00e4gi &#8211;\u00a0Winterhur<br \/>\ndipl. Psychologe FH<\/p>\n","protected":false},"excerpt":{"rendered":"<p>Ein Bildband mit 101 Geschichten rund um die Welt Format: 30 x 30 cm Seitenanzahl: 279 Seiten ISBN: 978-3-033-06376-1 Verkaufspreis: CHF 85.\u2013 Versandkosten: CHF 10.\u2013 \u2192 Buch bestellen &nbsp; Rezensionen &nbsp; Lieber Friedel Heute habe ich Deinen \u201eW\u00e4lzer\u201c erhalten und bereits vergn\u00fcglich darin gelesen. Fazit: chapeau! Eine grosse, anspruchsvolle Arbeit, welche Du in geb\u00fchrender Form ver\u00f6ffentlicht hast. Dass Deine Fotos allererste Klasse sind, wusste ich nat\u00fcrlich. Sehr interessant sind aber auch die Geschichten, Deine Edel- Visitenkarte hast Du jedenfalls f\u00fcr immer abgegeben! Markus Zimmermann &#8211;\u00a0Brissago &nbsp; &nbsp; Lieber Friedel Ammann Was f\u00fcr ein eindrucksvolles Buch! Herzliche Gr\u00fc\u00dfe aus Hamburg Torsten Feldstein &#8211;\u00a0DER\u00a0SPIEGEL &nbsp; &nbsp; Lieber Friedel Dein Buch, das Resultat bl\u00e4ttere ich gerade durch. Es ist ein Lebens-, ein Monumentalwerk geworden, ich bin beeindruckt: Von den Fotos sowieso &#8211; das weisst Du -, aber auch von den Texten: Sehr pers\u00f6nlich, immer dran am Menschen. Esther Maag &nbsp; &nbsp; Lieber Friedel..<\/p>\n","protected":false},"author":1,"featured_media":0,"parent":0,"menu_order":0,"comment_status":"closed","ping_status":"closed","template":"","meta":[],"_links":{"self":[{"href":"https:\/\/friedel-ammann.com\/wp\/index.php?rest_route=\/wp\/v2\/pages\/99374"}],"collection":[{"href":"https:\/\/friedel-ammann.com\/wp\/index.php?rest_route=\/wp\/v2\/pages"}],"about":[{"href":"https:\/\/friedel-ammann.com\/wp\/index.php?rest_route=\/wp\/v2\/types\/page"}],"author":[{"embeddable":true,"href":"https:\/\/friedel-ammann.com\/wp\/index.php?rest_route=\/wp\/v2\/users\/1"}],"replies":[{"embeddable":true,"href":"https:\/\/friedel-ammann.com\/wp\/index.php?rest_route=%2Fwp%2Fv2%2Fcomments&post=99374"}],"version-history":[{"count":34,"href":"https:\/\/friedel-ammann.com\/wp\/index.php?rest_route=\/wp\/v2\/pages\/99374\/revisions"}],"predecessor-version":[{"id":99447,"href":"https:\/\/friedel-ammann.com\/wp\/index.php?rest_route=\/wp\/v2\/pages\/99374\/revisions\/99447"}],"wp:attachment":[{"href":"https:\/\/friedel-ammann.com\/wp\/index.php?rest_route=%2Fwp%2Fv2%2Fmedia&parent=99374"}],"curies":[{"name":"wp","href":"https:\/\/api.w.org\/{rel}","templated":true}]}}

Tête à Tête mit Friedel Ammann

<h2>Ein Bildband mit 101 Geschichten rund um die Welt</h2>
<p><img decoding="async" loading="lazy" class="alignnone size-large wp-image-99377" src="https://friedel-ammann.com/wp/wp-content/uploads/2018/01/dsc_1516-copy-2-1024x683.jpg" alt="" width="960" height="640" srcset="https://friedel-ammann.com/wp/wp-content/uploads/2018/01/dsc_1516-copy-2-1024x683.jpg 1024w, https://friedel-ammann.com/wp/wp-content/uploads/2018/01/dsc_1516-copy-2-300x200.jpg 300w, https://friedel-ammann.com/wp/wp-content/uploads/2018/01/dsc_1516-copy-2-768x513.jpg 768w, https://friedel-ammann.com/wp/wp-content/uploads/2018/01/dsc_1516-copy-2-2048x1367.jpg 2048w, https://friedel-ammann.com/wp/wp-content/uploads/2018/01/dsc_1516-copy-2-400x267.jpg 400w, https://friedel-ammann.com/wp/wp-content/uploads/2018/01/dsc_1516-copy-2-840x561.jpg 840w, https://friedel-ammann.com/wp/wp-content/uploads/2018/01/dsc_1516-copy-2.jpg 7360w" sizes="(max-width: 960px) 100vw, 960px" /><img decoding="async" loading="lazy" class="size-large wp-image-99384" src="https://friedel-ammann.com/wp/wp-content/uploads/2018/01/tete-atete-in-meiner-zeit--1024x605.jpg" alt="" width="960" height="567" srcset="https://friedel-ammann.com/wp/wp-content/uploads/2018/01/tete-atete-in-meiner-zeit--1024x605.jpg 1024w, https://friedel-ammann.com/wp/wp-content/uploads/2018/01/tete-atete-in-meiner-zeit--300x177.jpg 300w, https://friedel-ammann.com/wp/wp-content/uploads/2018/01/tete-atete-in-meiner-zeit--768x454.jpg 768w, https://friedel-ammann.com/wp/wp-content/uploads/2018/01/tete-atete-in-meiner-zeit--400x237.jpg 400w, https://friedel-ammann.com/wp/wp-content/uploads/2018/01/tete-atete-in-meiner-zeit--840x497.jpg 840w, https://friedel-ammann.com/wp/wp-content/uploads/2018/01/tete-atete-in-meiner-zeit-.jpg 2038w" sizes="(max-width: 960px) 100vw, 960px" /></p>
<p>Format: 30 x 30 cm<br />
Seitenanzahl: 279 Seiten<br />
ISBN: 978-3-033-06376-1</p>
<p>Verkaufspreis: CHF 85.–<br />
Versandkosten: CHF 10.–</p>
<p>→ <a href="mailto:friedel.ammann@gmail.com">Buch bestellen</a></p>
<p>&nbsp;</p>
<div>
<hr />
</div>
<h2><span class="_Tgc _s8w"><b>Rezensionen</b></span></h2>
<p>&nbsp;</p>
<div></div>
<p>Lieber Friedel</p>
<p>Heute habe ich Deinen „Wälzer“ erhalten und bereits vergnüglich darin gelesen. Fazit: chapeau! Eine grosse, anspruchsvolle Arbeit, welche Du in gebührender Form veröffentlicht hast. Dass Deine Fotos allererste Klasse sind, wusste ich natürlich. Sehr interessant sind aber auch die Geschichten, Deine Edel- Visitenkarte hast Du jedenfalls für immer abgegeben!</p>
<p>Markus Zimmermann &#8211; Brissago</p>
<p>&nbsp;</p>
<hr />
<p>&nbsp;</p>
<p>Lieber Friedel Ammann</p>
<p>Was für ein eindrucksvolles Buch! Herzliche Grüße aus Hamburg</p>
<p>Torsten Feldstein &#8211; DER SPIEGEL</p>
<p>&nbsp;</p>
<hr />
<p>&nbsp;</p>
<p>Lieber Friedel</p>
<p>Dein Buch, das Resultat blättere ich gerade durch. Es ist ein Lebens-, ein Monumentalwerk geworden, ich bin beeindruckt: Von den Fotos sowieso &#8211; das weisst Du -, aber auch von den Texten: Sehr persönlich, immer dran am Menschen.</p>
<p>Esther Maag</p>
<p>&nbsp;</p>
<hr />
<p>&nbsp;</p>
<p>Lieber Friedel</p>
<p>Nun, kurz gesagt: Dein Buch ist der Hammer. Jeden Abend lese ich ein 3-4 Geschichten und sehe mich selbst wieder in ein paar Anekdoten. Deine Schreibweise ist einfach herrlich, erfrischend zu lesen.</p>
<p>Markus St. Wenger &#8211; Architekt</p>
<p>&nbsp;</p>
<hr />
<p>&nbsp;</p>
<p>Lieber Friedel</p>
<p>Dein Buch ist für mich ein Jahresadventskalender! Ich lerne jeden Tag einen Menschen in Bild und Worten kennen! Wunderbar. Und jedem nur zu empfehlen!</p>
<p>Jens Stocker &#8211; Inhaber Bider &amp; Tanner AG  &#8211; Ihr Kulturhaus in Basel</p>
<p>&nbsp;</p>
<hr />
<p>&nbsp;</p>
<p>Lieber Friedel Ammann</p>
<p>Wir haben uns mit Interesse in Ihrem Buch &#8222;Tête à Tête&#8220; vertieft. Ihre fotografischen Künste kannten wir schon. Neu für uns war, dass Sie auch mit Text virtuos umgehen können. Insgesamt ein gelungenes Gesamtwerk. Spannend und aufschlusschreich, manchmal erheiternd, manchmal besinnlich, bisweilen politisch und mutig, nicht selten einem auch betroffen stimmend, zuweilen den Fokus auf das Überraschend-Naheliegende oder das Ferne-Faszinierende gelegt.  In allem spürt man Authentizität und Ihre Empathie, Ihre Begeisterung und Ihr Engagement.</p>
<p>Bruno Kägi &#8211; Winterhur<br />
dipl. Psychologe FH</p>

<p>Ein Bildband mit 101 Geschichten rund um die Welt Format: 30 x 30 cm Seitenanzahl: 279 Seiten ISBN: 978-3-033-06376-1 Verkaufspreis: CHF 85.– Versandkosten: CHF 10.– → Buch bestellen &nbsp; Rezensionen &nbsp; Lieber Friedel Heute habe ich Deinen „Wälzer“ erhalten und bereits vergnüglich darin gelesen. Fazit: chapeau! Eine grosse, anspruchsvolle Arbeit, welche Du in gebührender Form veröffentlicht hast. Dass Deine Fotos allererste Klasse sind, wusste ich natürlich. Sehr interessant sind aber auch die Geschichten, Deine Edel- Visitenkarte hast Du jedenfalls für immer abgegeben! Markus Zimmermann &#8211; Brissago &nbsp; &nbsp; Lieber Friedel Ammann Was für ein eindrucksvolles Buch! Herzliche Grüße aus Hamburg Torsten Feldstein &#8211; DER SPIEGEL &nbsp; &nbsp; Lieber Friedel Dein Buch, das Resultat blättere ich gerade durch. Es ist ein Lebens-, ein Monumentalwerk geworden, ich bin beeindruckt: Von den Fotos sowieso &#8211; das weisst Du -, aber auch von den Texten: Sehr persönlich, immer dran am Menschen. Esther Maag &nbsp; &nbsp; Lieber Friedel..</p>
